, 773
Let v = 38 + 4. What are the prime factors of (-1 - -100)*v/63?
2, 3, 11
Suppose 3*n + 5*b = -2*n + 3690, 0 = 3*n + 2*b - 2211. What are the prime factors of n?
3, 5, 7
Let y be (-1)/(1*(-1 + 0)). Let v be (-3 - 0) + y + 17. Suppose 2*c - 4*m - v = 9, 0 = 2*m + 6. What are the prime factors of c?
2, 3
Suppose 5*n + 4*l = -6 + 751, -5*n = -3*l - 745. Let x = 316 - n. What are the prime factors of x?
167
Suppose 5*p = 2*d + 11551 + 6482, 0 = 5*p - d - 18034. List the prime factors of p.
3607
Let t be (-6)/2 + -4 + 47. Suppose 0 = r + t - 10. Let g = -21 - r. What are the prime factors of g?
3
Let l(z) be the first derivative of z**2/2 - 5*z - 6. Let i be l(2). List the prime factors of (-2)/(-6)*i + 53.
2, 13
Let w(f) be the second derivative of f**4/12 - 5*f**3/3 - 6*f**2 + 4*f. Let t be w(-8). What are the prime factors of t/((-8)/(-2)) - -3?
2, 3
Suppose 4*o = 7*o + 42. What are the prime factors of 5 + 9250/35 - (-4)/o?
269
Let o = -66 - -108. Let u be (o/(-49))/(6/(-28)). Suppose -2*a = -2*n - 22, -2*a = -u*n - 7 - 25. What are the prime factors of a?
2, 3
Let k(c) = c**2 + 12*c + 22. Let a be k(-10). Suppose a*m - 35 = 25. List the prime factors of m.
2, 3, 5
Suppose 0 = 2*c - 3*x - 427, 0 = 2*c - 7*x + 3*x - 428. List the prime factors of c.
2, 53
Let u(j) = 59*j**2 + 13*j - 5. What are the prime factors of u(2)?
257
Let y(d) = -3*d - 38. Let i be y(-12). List the prime factors of 167 + (i + 2)/1.
167
Suppose 215 = 5*t - 2*s, 0*t - 2*s + 100 = 2*t. Suppose -t = z + 25. List the prime factors of -1*2/5*z.
2, 7
Let k = 129 - 24. Suppose 3*m - k = 63. Suppose -q = 3*q - m. List the prime factors of q.
2, 7
Let f(z) = 8*z + 5. Let t be f(8). Let v be (-6 - 0)*(-1)/3. List the prime factors of -2 - t*v/(-3).
2, 11
Suppose v + 10*d = 8*d + 323, 3*d = 4*v - 1237. List the prime factors of v.
313
Let x(c) = 73*c**3 - c**2 - 28*c + 74. List the prime factors of x(3).
2, 61
Suppose 7*d - 3*d + v = 135, -20 = 4*v. Suppose 0*o + o = d. What are the prime factors of o?
5, 7
Let d = -28 - -33. Suppose 0 = -3*l - 3*j + 210, -j + 4*j = d*l - 318. What are the prime factors of l?
2, 3, 11
Suppose 6*d - 3*d - 5*l = 682, 5*l + 10 = 0. Let p = d + -142. What are the prime factors of p?
2, 41
Suppose -72 = -5*o - 52. What are the prime factors of (-16)/(o/(-16)*1)?
2
Suppose -k - 4 + 7 = 0. Suppose 65 = 2*u + 2*i - 5*i, 0 = -k*i - 9. What are the prime factors of u?
2, 7
Let x = 1255 + -856. What are the prime factors of x?
3, 7, 19
Let j = -10 - -14. List the prime factors of 33*(j/12 + 1).
2, 11
Let f be (-10)/(-3)*(-609)/14. Let l = f - -255. List the prime factors of l.
2, 5, 11
Let r(u) = 2*u**2 - u - 2. Let z = 11 - 9. Let n be r(z). Let d = 8 + n. What are the prime factors of d?
2, 3
Let n = -2702 + 4370. List the prime factors of n.
2, 3, 139
Let c(q) = q**2 - 29*q + 53. Let z be c(27). Let r(u) be the second derivative of -2*u**5 + u**4/6 - u**3/6 - u**2 + 2*u. What are the prime factors of r(z)?
41
Let o be (-276)/(-15) - (-14)/(-35). Suppose y = -32 + o. Let s(a) = -6*a - 9. List the prime factors of s(y).
3, 5
Suppose -3*h + 1298 = -v, h + 3*v - 480 = -44. List the prime factors of h.
433
Let w(i) = i**3 + 6*i**2 - 9*i - 9. Let p be w(-7). Suppose o + 25 + 31 = 4*u, -p*o - 7 = u. What are the prime factors of u?
13
Let b(w) = -w**3 + 5*w**2 - w + 1. Let u be ((-10)/(-6) + 0)*3. Let a = u - 1. List the prime factors of b(a).
13
Let k be 72/(-14)*(-77)/22. Let p = k + -24. List the prime factors of 37 + (-1 - p - 1).
41
Let c(y) = y + 4. Let i be c(-2). Suppose 114 = i*n - 0. What are the prime factors of n?
3, 19
Suppose -f + 3*f - 3 = -x, -12 = -4*x + 2*f. Let a = -536 - -538. Suppose -a*c = -x*m + 31, m = 2*m - 3*c - 1. List the prime factors of m.
13
Suppose -4*j + 140 = -432. Let p be 22/j + (-288)/13. Let s = 7 - p. List the prime factors of s.
29
Suppose -4*q + 4*s + 3672 = -0*q, 0 = 3*q + 4*s - 2726. What are the prime factors of q?
2, 457
Let j = 730 + 57. What are the prime factors of j?
787
Let y(t) = -t**3 - 8*t**2 + 9*t - 12. Let l be ((-1)/(-2))/(5/(-90)). Let w be y(l). Let h(o) = o**2 + 10*o - 8. List the prime factors of h(w).
2
Suppose 58 = -5*g - 5*q - 2, 5*g + 3*q = -56. Let m be 2/(-5) - 4/g. Suppose -d = -m*d - 2. What are the prime factors of d?
2
Suppose 0 = 2*i - 3*i + 202. What are the prime factors of i?
2, 101
Let u(n) = -37*n + 14. Let j be u(8). Let l be ((-2)/1)/2 + -13. List the prime factors of 7/(-49) + j/l.
2, 5
Suppose p + 2*p - 33 = 0. Let h = p + -6. Suppose 3*n + h*x - 6 - 88 = 0, -5*x = 2*n - 66. What are the prime factors of n?
2, 7
Suppose -w = -5*w + 72. List the prime factors of 670/w + 8/(-36).
37
What are the prime factors of (-8)/76 - 6/((-456)/259244)?
3, 379
Let y = 9 - 1. Suppose -3*u - 5*n + y = -18, 0 = -2*n + 8. List the prime factors of u.
2
What are the prime factors of (-35)/28 - ((-12774)/24 + -3)?
2, 3, 89
Suppose -4 = -4*a + 44. Let g(f) = -8*f + 5. Let y be g(a). List the prime factors of 2/(-7) - 3302/y.
2, 3
Suppose -b = 4*n - 63, 0 = 6*n - n - 4*b - 84. Suppose u - 3*r - 8 = 22, -n = -4*r. What are the prime factors of u?
2, 3, 7
Suppose -4 = 2*f + 4. Let k be (240/(-8))/(f/10). Suppose 0 = 3*z - 3*m - k, -31 = -z - m + 4. What are the prime factors of z?
2, 3, 5
Suppose 4*b = -5*c - 9 + 31, -3*c = 2*b - 12. Suppose -4*x = b*v + 43, 5*v = -4*x - 0*x - 61. What are the prime factors of (-1 - v/3) + 26?
2, 7
Let x be (1 + 1)/(-9 + 7). Let c = 9 - x. Let s = c - -3. What are the prime factors of s?
13
Let v = 194 - 111. Let r = v + -56. List the prime factors of 6/(-27) + 330/r.
2, 3
Suppose -5*s - 2*a + 930 = 0, -129 - 440 = -3*s + a. List the prime factors of s/3 - 2/(-6).
3, 7
Let d = 71 + -67. Suppose -7*w + 78 = -d*w. What are the prime factors of w?
2, 13
Let m = -1714 + 4071. List the prime factors of m.
2357
Let c(d) = d**3 - d**2 + d - 9. Let m be c(3). What are the prime factors of (-22)/((-52)/m - -4)?
2, 3, 11
Suppose 0 = 5*r + 838 - 2888. Suppose 0 = 5*n + 5*c - 380, 2*n = -3*n + 5*c + r. Let a = -55 + n. What are the prime factors of a?
2, 3
Suppose -5*v + 10*r + 50 = 5*r, 2*v - r = 15. Suppose -7 = d + v. List the prime factors of 8/(-3*2/d).
2
Let v(l) = -3*l - 19. Let s be v(-10). Suppose s = -10*d + 161. What are the prime factors of d?
3, 5
Let x = 789 + -564. Let f = -83 + x. What are the prime factors of f?
2, 71
What are the prime factors of (-3522)/(30/(-12)*(-20)/(-25))?
3, 587
Let l(h) = 33*h**2 - 30*h - 82. What are the prime factors of l(-8)?
2, 5, 227
Suppose -546 = -2*d - 2*j, j + 697 + 126 = 3*d. List the prime factors of d.
2, 137
Suppose 581 = -15*y - 394. Let h = y - -118. List the prime factors of h.
53
Let u(o) = -5*o**3 - 9*o**2 - 22*o - 32. List the prime factors of u(-5).
2, 239
Suppose -k = -2*u + 225, -5*u - 5*k = -535 - 50. What are the prime factors of -1*12/1*u/(-9)?
2, 19
Let u(a) = -2*a**2 - 7*a - 5. Let i be u(-5). What are the prime factors of 26/((i/(-6))/5)?
3, 13
Let d(y) = 45*y**2 + 13*y + 34. List the prime factors of d(9).
2, 13, 73
Suppose -2*t - 5507 = -5*t - q, 2*q - 3674 = -2*t. What are the prime factors of t?
5, 367
Suppose -g + 5*w - 117 = 2*g, w = 0. Let k = g - -55. What are the prime factors of k?
2
Let m(j) = 13*j**2 - 2*j + 1. Let u be m(1). Let h = 3 + u. List the prime factors of h.
3, 5
Suppose -12 + 16 = i. Suppose -i*q + 57 - 17 = 0. Let c = -5 + q. List the prime factors of c.
5
What are the prime factors of 13540/50*(-11)/((-44)/40)?
2, 677
List the prime factors of (-13)/(13/(-9)) + 4133.
2, 19, 109
Let s(b) = 3*b**2 - 5*b + 3. Let i be s(2). What are the prime factors of (-4)/i*10/(-4) + 12?
2, 7
Suppose 2*k + 6*k = -8. What are the prime factors of (0 - k/(-2))/((-7)/840)?
2, 3, 5
Suppose -4*w - w + 4*f = -4736, 0 = -w + 2*f + 946. List the prime factors of w.
2, 3, 79
List the prime factors of (-80649)/(-81) + (21/9 - 2).
2, 3, 83
Suppose 51*v = 53*v - 348. Let a = 295 - v. List the prime factors of a.
11
Suppose 4*w + 41 - 9 = 0. Suppose 166 = 6*o - 32. Let k = o + w. List the prime factors of k.
5
Suppose -3*f + 5540 = -s, -2*f = -3*s - 2071 - 1620. List the prime factors of f.
1847
List the prime factors of 114*(-38)/4*4/(-6).
2, 19
Suppose 0 = -3*l + 4*l - 28. Let v = 48 - l. List the prime factors o